2252340
What is 2000003221 (base 5) in base 7?
45130520
Convert 33c81 (base 13) to base 6.
2005023
Convert -460766 (base 8) to base 7.
-1220151
-20305736 (base 9) to base 5
-4443403310
-1b361 (base 16) to base 4
-123031201
What is -33010540 (base 6) in base 13?
-28484a
-336369 (base 11) to base 14
-dd220
Convert -69132 (base 13) to base 16.
-2eb75
Convert 1471002 (base 9) to base 11.
506879
-1b63a (base 15) to base 16
-15c43
Convert 24422221 (base 7) to base 14.
410411
Convert 33476 (base 14) to base 5.
12434433
-12526303 (base 8) to base 16
-2aacc3
Convert 2710242 (base 10) to base 13.
73b7c2
-442b54 (base 15) to base 7
-36422122
Convert 532513 (base 8) to base 4.
223111023
476215 (base 9) to base 4
1011333101
Convert -1b03b (base 13) to base 11.
-36720
What is 20875 (base 14) in base 4?
103022213
Convert 144b9 (base 14) to base 12.
2516b
-68a801 (base 11) to base 15
-16a3ad
What is -2d21d (base 15) in base 2?
-100011100011000011
1101010010110001000101 (base 2) to base 5
1343002431
Convert -4d3ed (base 16) to base 14.
-8343b
Convert 11111011000011000001 (base 2) to base 13.
2a0072
What is -23c83 (base 14) in base 15?
-1ae06
What is -1110111111001100000 (base 2) in base 7?
-4113535
-66246341 (base 7) to base 13
-1244108
What is 101111111011000010001 (base 2) in base 14?
2cc3bb
-111051552 (base 6) to base 4
-13223132330
163978 (base 11) to base 15
50429
-1956ba (base 12) to base 4
-1230222232
-10100010000011000100100 (base 2) to base 8
-24203044
Convert -153d8 (base 16) to base 6.
-1510440
Convert 17516440 (base 8) to base 3.
21201110212212
Convert 1000696 (base 10) to base 14.
1c0984
-506280 (base 9) to base 16
-4934d
Convert 100503 (base 9) to base 7.
335226
Convert -2001121011102 (base 3) to base 14.
-206b5a
4222204 (base 5) to base 10
70304
-3cb2a (base 13) to base 9
-183262
11000111110011010011000 (base 2) to base 4
120332122120
What is -22614 (base 13) in base 12?
-30243
-1234040224 (base 5) to base 9
-5633544
What is 14626362 (base 8) in base 9?
6271541
What is -401342244 (base 5) in base 14?
-2d57c8
Convert 2611404 (base 8) to base 2.
10110001001100000100
What is 2204c (base 13) in base 5?
3432310
Convert 52a89 (base 11) to base 6.
1353142
What is -14729 (base 10) in base 5?
-432404
What is -4240531 (base 6) in base 5?
-23120214
346497 (base 15) to base 12
a07a51
-31022321 (base 5) to base 10
-251586
What is -688b5 (base 16) in base 6?
-13102245
What is -2242143141 (base 5) in base 9?
-10426775
What is 2b4320 (base 14) in base 13?
40b2a9
Convert 422224230 (base 5) to base 16.
1ad371
Convert 1481538 (base 10) to base 9.
2707253
What is -bceea (base 15) in base 3?
-1010112001211
111322101 (base 4) to base 16
15e91
Convert -166351 (base 8) to base 14.
-18161
Convert 27e1b2 (base 16) to base 10.
2613682
Convert 111110100100101110 (base 2) to base 10.
256302
-d9791 (base 15) to base 14
-13d76b
-107069 (base 10) to base 5
-11411234
6401b6 (base 12) to base 3
2222002011110
What is 11ab87 (base 13) in base 16?
67772
Convert -b619 (base 16) to base 8.
-133031
-18a043 (base 13) to base 16
-97cee
What is 3365a5 (base 15) in base 7?
26560214
Convert 55499 (base 10) to base 6.
1104535
Convert -2123305 (base 6) to base 15.
-20e2b
Convert -211210120122 (base 3) to base 13.
-12934a
-15421026 (base 7) to base 11
-9240a6
-212010202202 (base 3) to base 10
-455456
Convert 22110110200211 (base 3) to base 8.
21117124
Convert -10320808 (base 10) to base 5.
-10120231213
Convert -2601026 (base 7) to base 16.
-52277
What is 51a54 (base 16) in base 14?
89c32
What is 1012230002 (base 4) in base 9?
481148
Convert 2030001300 (base 5) to base 15.
56bda0
What is 211223030 (base 4) in base 7?
1211621
What is 19c664 (base 14) in base 9?
1647833
What is -27575262 (base 8) in base 7?
-103623261
Convert 48643 (base 11) to base 2.
10001000101100001
What is -4a1aa (base 14) in base 13?
-64789
Convert -480524 (base 14) to base 15.
-338bab
What is -21233303323 (base 4) in base 10?
-2555131
58240 (base 10) to base 5
3330430
What is 12b39bb (base 14) in base 15?
bd7d81
75a532 (base 14) to base 5
2010012222
511523 (base 8) to base 6
3341231
What is -2ab65e (base 15) in base 10?
-2063564
What is 22223232 (base 4) in base 12?
213a6
-1004523 (base 12) to base 13
-80a7b3
What is -892461 (base 11) in base 2?
-101011011100000011110
What is 101221000101020 (base 3) in base 12?
1b40489
2034949 (base 11) to base 9
6676330
102330 (base 10) to base 12
4b276
Convert -1454984 (base 10) to base 2.
-101100011001110001000
Convert 111212211231 (base 4) to base 6.
321213553
-517867 (base 12) to base 9
-2357347
What is -356724 (base 8) in base 16?
-1ddd4
-1031544 (base 6) to base 11
-35325
1022303434 (base 5) to base 12
8785ba
Convert -23636 (base 10) to base 15.
-700b
Convert -90153 (base 13) to base 4.
-332310012
553605 (base 7) to base 15
1dcb3
What is 49c861 (base 14) in base 12?
a21085
681b2b (base 15) to base 4
102330223211
Convert -6186224 (base 9) to base 12.
-1134571
-11708 (base 14) to base 4
-22120230
Convert 151423 (base 7) to base 2.
111001010111000
What is 955743 (base 11) in base 2?
101110101100101100101
1e670 (base 15) to base 9
161226
Convert 265343 (base 10) to base 6.
5404235
Convert 6052c8 (base 14) to base 7.
36356441
Convert -35143405 (base 7) to base 9.
-5723811
Convert -111101100111111000000 (base 2) to base 16.
-1ecfc0
What is 124104 (base 7) in base 9?
34533
101010111100110001 (base 2) to base 10
175921
-24b2a1 (base 14) to base 5
-310310104
What is 54169 (base 10) in base 7?
313633
2200112022102 (base 3) to base 12
58a1b5
71cd6 (base 14) to base 16
42f14
Convert -249cc (base 16) to base 7.
-1163133
What is 10010110110001010111 (base 2) in base 10?
617559
33430324 (base 5) to base 3
120000122101
2404111 (base 6) to base 14
33959
Convert a660b9 (base 12) to base 14.
4c3dc9
What is -57542 (base 9) in base 15?
-b56b
-73611 (base 10) to base 11
-5033a
Convert 52720 (base 13) to base 15.
2de8d
16220734 (base 9) to base 4
132322120021
What is 41ca7 (base 15) in base 13?
74014
What is 41b39 (base 16) in base 13?
95650
What is 11201111112 (base 3) in base 13?
333cb
What is -ab18a7 (base 15) in base 14?
-1124405
What is -11003132 (base 5) in base 11?
-64827
Convert 25537674 (base 8) to base 6.
321504140
-530953 (base 10) to base 12
-217321
Convert -b8845 (base 13) to base 3.
-121221000010
484926 (base 10) to base 13
13c950
-77750 (base 13) to base 5
-23412204
-28bcc (base 16) to base 9
-273800
What is 603356 (base 11) in base 9?
1738521
8c910 (base 14) to base 11
213a80
Convert 4366323 (base 8) to base 14.
22817d
What is 3244142112 (base 5) in base 10?
7021532
-221245013 (base 6) to base 15
-53b790
-34263605 (base 7) to base 6
-144033125
1462774 (base 9) to base 13
224371
6b679f (base 16) to base 10
7038879
bab8 (base 14) to base 9
48275
What is -14c0c9 (base 13) in base 8?
-1750102
Convert 3ada (base 15) to base 16.
3124
What is 17b171 (base 13) in base 12?
248854
What is da012 (base 16) in base 11?
55a97a
What is -11000012212120 (base 3) in base 11?
-1225375
What is -db0d (base 14) in base 13?
-142bb
-290779 (base 10) to base 5
-33301104
231040 (base 8) to base 13
29894
614110 (base 8) to base 10
202824
What is 11aa72 (base 13) in base 11?
26a298
Convert 1001101000000110000 (base 2) to base 16.
4d030
Convert 372585 (base 12) to base 11.
562138
Convert -100100111010110110001111 (base 2) to base 6.
-543234331
Convert -a37b (base 14) to base 8.
-66751
What is 1411222241 (base 5) in base 14?
6a2312
308823 (base 9) to base 10
183648
Convert -82728 (base 9) to base 16.
-d50b
What is -1001000111010010001 (base 2) in base 16?
-48e91
Convert -a33c5 (base 13) to base 6.
-10135513
Convert 7b930 (base 12) to base 14.
4444c
-85ed9 (base 15) to base 14
-b0d77
Convert -1103221101 (base 4) to base 8.
-1235121
2114404334 (base 5) to base 2
10000111110100100100010
Convert 30a42 (base 14) to base 15.
24b2b
What is -20020022122020 (base 3) in base 11?
-1963156
Convert 22323013310 (base 4) to base 14.
547832
Convert 2102000122110 (base 3) to base 4.
10320131322
Convert 820634 (base 12) to base 8.
7602610
12d74 (base 14) to base 11
31a82
What is 4301100404 (base 5) in base 4?
202112003131
What is -4093460 (base 10) in base 2?
-1111100111011000010100
745496 (base 12) to base 2
11011111111000111001